is 80b5a (base 15) in base 8?
1434010
-448131 (base 11) to base 12
-2a4b43
What is 1151210123 (base 6) in base 12?
4516943
Convert -b6e74 (base 15) to base 2.
-10001101101100100000
-114670 (base 9) to base 8
-206723
Convert -3c849 (base 13) to base 2.
-11011101100110100
-100200404 (base 6) to base 16
-19de54
What is 100222221002 (base 3) in base 9?
328832
Convert 24bb669 (base 12) to base 11.
4088aa5
What is 2440444 (base 6) in base 3?
20121000101
267643 (base 12) to base 10
635091
Convert -100100101011001111100111 (base 2) to base 16.
-92b3e7
Convert -144344010 (base 6) to base 10.
-3015366
Convert 1000100000100100000011 (base 2) to base 13.
601354
1010011010110110110010 (base 2) to base 14
5115d0
11602 (base 12) to base 13
a808
What is 3cb18 (base 15) in base 5?
22213443
300461 (base 12) to base 15
eb59a
354245 (base 6) to base 16
7835
Convert 18cd900 (base 14) to base 3.
212012110100021
-134301 (base 5) to base 15
-19bb
Convert 51200433 (base 6) to base 16.
164f25
Convert 104699 (base 10) to base 8.
314373
-19673 (base 10) to base 6
-231025
Convert 53455 (base 11) to base 16.
12fae
-505021134 (base 6) to base 4
-200323331302
What is -3618570 (base 12) in base 14?
-156d780
-10404100 (base 5) to base 4
-112100032
-13022410 (base 5) to base 10
-126605
What is -1001000111110001000000 (base 2) in base 15?
-32371e
What is -11102352 (base 6) in base 2?
-1010001110001011100
Convert 1330232412 (base 5) to base 7.
40424553
Convert -112222220201 (base 4) to base 8.
-26525041
-56c174 (base 13) to base 7
-23314451
What is -1012222221112 (base 3) in base 4?
-2132210123
What is 4073704 (base 8) in base 6?
35044244
What is a5853 (base 11) in base 13?
551a2
1563a (base 14) to base 16
d074
-22102012032 (base 4) to base 9
-5057553
Convert -5191371 (base 10) to base 4.
-103303123023
What is -10101101111101100011 (base 2) in base 6?
-23134455
14d0ab (base 15) to base 7
11356454
Convert -4305560 (base 10) to base 13.
-b7998c
-123023030 (base 4) to base 11
-7669a
123220 (base 5) to base 10
4810
Convert 11010010010011100000 (base 2) to base 8.
3222340
Convert -133110011033 (base 4) to base 5.
-4100134334
17086 (base 9) to base 5
333432
Convert -170727 (base 8) to base 16.
-f1d7
What is -1121230011 (base 4) in base 10?
-367365
What is 2311211311 (base 4) in base 12?
2ba531
Convert -3754435 (base 9) to base 2.
-111110010111101011111
What is 23444321 (base 5) in base 16?
35657
Convert 356a95 (base 12) to base 2.
11010010011110010001
da115b (base 15) to base 10
10381811
-2403436 (base 7) to base 11
-198262
What is -67acc3 (base 16) in base 5?
-3214410220
Convert -28430760 (base 9) to base 3.
-222111000212000
Convert -100000111100011001001101 (base 2) to base 13.
-1a34a63
What is 43a12 (base 11) in base 6?
1211140
Convert 104420122 (base 7) to base 11.
3618a04
Convert -1001011110001101100 (base 2) to base 11.
-1a2214
-213aa (base 12) to base 7
-241405
-3000450 (base 6) to base 13
-4ba32
Convert -2b9b64 (base 14) to base 16.
-1745ac
2155100 (base 6) to base 2
11010100010001100
What is 12030342 (base 5) in base 3?
12122201222
Convert 6044 (base 14) to base 7.
66114
Convert 2525435 (base 10) to base 15.
34d425
What is 1226a6 (base 12) in base 6?
10152330
Convert 103322011012 (base 4) to base 3.
100211010121121
Convert d812 (base 15) to base 8.
131174
4251876 (base 11) to base 10
7483933
-a445a (base 13) to base 11
-191828
What is -7ab27 (base 14) in base 5?
-34023133
What is -285053 (base 16) in base 12?
-a74b2b
What is -24d07 (base 15) in base 12?
-5812a
2596cd (base 14) to base 12
524871
Convert -1e97c3 (base 15) to base 14.
-2b0a54
What is -30353635 (base 7) in base 10?
-2534404
Convert 740a9 (base 13) to base 10.
208854
966481 (base 12) to base 11
1382371
Convert 2220202111011 (base 3) to base 12.
629141
Convert -c7da0 (base 16) to base 3.
-1112120220020
What is 202046 (base 9) in base 2?
11101001100101110
Convert 1574263 (base 8) to base 4.
1233202303
454471 (base 9) to base 2
1000010011110110001
Convert 212169 (base 11) to base 7.
2613043
Convert 4d6b8 (base 14) to base 11.
120290
Convert -65c44 (base 13) to base 11.
-116629
What is -58d93 (base 14) in base 11?
-1388a9
79147 (base 15) to base 3
201120011211
What is -111030 (base 5) in base 2?
-111100110010
2210121012 (base 3) to base 7
316451
10100011000000010 (base 2) to base 9
136431
What is 1341312324 (base 5) in base 16?
34d928
What is 400435 (base 7) in base 8?
203572
Convert -341445 (base 8) to base 3.
-12212102112
Convert 238878 (base 9) to base 12.
6b638
Convert -24038 (base 13) to base 5.
-4102312
Convert 203404214 (base 6) to base 9.
6571861
-acca79 (base 15) to base 5
-4102302424
What is -136652 (base 14) in base 13?
-1a641a
120a73 (base 13) to base 5
102231244
What is 253360012 (base 7) in base 3?
1010020012011201
Convert 1404862 (base 12) to base 7.
45624023
41444464 (base 7) to base 11
1a74320
103523 (base 6) to base 5
233434
What is -203211010110 (base 4) in base 13?
-1c17375
10720a (base 11) to base 6
3353524
What is -28411 (base 13) in base 9?
-124364
Convert 5211060 (base 8) to base 11.
863555
Convert 7446777 (base 8) to base 10.
1986047
What is -12444 (base 16) in base 2?
-10010010001000100
What is 403311 (base 6) in base 10?
31867
What is 28696 (base 10) in base 12?
14734
Convert 3c4b67 (base 14) to base 7.
23513360
Convert -186660 (base 12) to base 11.
-271095
Convert 10302213201 (base 4) to base 6.
42530213
Convert -1235723 (base 10) to base 2.
-100101101101100001011
-21323323120 (base 4) to base 5
-1131323020
-210100222010 (base 3) to base 11
-268012
Convert 1010330322 (base 4) to base 7.
2254254
-33125162 (base 7) to base 2
-1010110111000100010001
What is 17744 (base 15) in base 13?
28708
201102022022 (base 3) to base 6
12105312
What is 1154610 (base 11) in base 2?
111101011001011100110
Convert -1868a34 (base 12) to base 16.
-4e11c8
What is -3850b1 (base 13) in base 15?
-1bb081
Convert 1553 (base 6) to base 3.
120220
-1dea0 (base 16) to base 2
-11101111010100000
Convert -22022212003 (base 4) to base 9.
-5011417
-543056 (base 10) to base 2
-10000100100101010000
-af44 (base 16) to base 5
-2413433
Convert 122010122202 (base 3) to base 7.
2603213
-150520 (base 9) to base 12
-45499
12020001022210 (base 3) to base 4
22211303031
Convert -201500201 (base 6) to base 4.
-31021001221
Convert 151254 (base 9) to base 11.
63799
33123543 (base 6) to base 4
3301330113
-632226 (base 13) to base 5
-1043140310
What is 5481371 (base 9) in base 13?
7c2457
What is 502103 (base 6) in base 15?
b9d6
132023020331 (base 4) to base 13
183c458
-5a0120 (base 13) to base 16
-20b03e
Convert -445771 (base 8) to base 2.
-100100101111111001
1952a29 (base 14) to base 2
101111111100101110101101
-2cc62 (base 15) to base 4
-203102132
What is 10a0875 (base 11) in base 2?
111010100100000101101
Convert 127a6 (base 14) to base 15.
d6d2
Convert 2aa5aa8 (base 11) to base 8.
24177171
Convert -8838 (base 14) to base 2.
-101110000010010
What is 21066363 (base 7) in base 6?
102103103
Convert -38359 (base 13) to base 15.
-20b7a
What is 12304314 (base 5) in base 7?
1004625
Convert -171978 (base 10) to base 9.
-281816
Convert c02b4 (base 13) to base 10.
343217
What is -20331231 (base 4) in base 13?
-13935
Convert 4764855 (base 9) to base 8.
11663107
68898 (base 10) to base 3
10111111210
433424012 (base 5) to base 3
10111101201002
-3419070 (base 11) to base 13
-1317587
Convert 4262253 (base 7) to base 11.
325297
What is -189202 (base 15) in base 14?
-2317d8
Convert -567a569 (base 11) to base 6.
-553021124
Convert -96033 (base 10) to base 4.
-113130201
177051 (base 9) to base 10
110125
Convert -986692 (base 12) to base 7.
-26353553
-2240048 (base 10) to base 6
-120002332
What is 57b902 (base 14) in base 10?
2989982
What is -41331244 (base 5) in base 8?
-1227166
Convert -768db9 (base 16) to base 13.
-17c0571
What is -6060044 (base 7) in base 15?
-e3672
What is 73cd11 (base 15) in base 16?
54171d
What is 15612 (base 15) in base 11?
47817
-2111222 (base 5) to base 3
-1210021020
-108db4f (base 16) to base 10
-17357647
What is 511520 (base 11) in base 7?
6662035
403a7 (base 13) to base 15
24093
Convert -1024643 (base 7) to base 11.
-85302
516210 (base 7) to base 2
10101101000010111
Convert 247 (base 11) to base 16.
125
316175 (base 8) to base 12